34. Let i(a) = -2*a - 6*a + 11 + 6. Let j be i(v). What is the greatest common divisor of 21 and j?
21
Suppose 4*u - 976 = -2*k, -u + 0*k = k - 246. Calculate the highest common divisor of 66 and u.
22
Suppose -4*q + 134 = -46. Let o(u) = -u**2 - 15*u + 156. Let g be o(-21). Calculate the greatest common factor of q and g.
15
Suppose d + 305 = 4*d + 4*c, 97 = d - c. Let a = -42 - -32. Let v(h) = -h - 1. Let o be v(a). What is the greatest common factor of d and o?
9
Let p be 2/(-9) + 87/27. Suppose p*j = -g + 3, -6 = j + j. Let u be (4/(-6))/((-2)/g). What is the greatest common factor of u and 32?
4
Let k = 14 - 5. Let x(t) = -5*t + 19. Let d be x(2). What is the greatest common factor of k and d?
9
Let l be (1 - 6)/10*0. Suppose -5*b - 5*t + 240 = l, 4*t - 3*t + 192 = 4*b. What is the highest common factor of b and 12?
12
Let t be -6*(-6)/9 - 0. Let y be ((-6)/8)/(2/(-8)). Let r be (-18)/(-14) + y + (-10)/35. Calculate the highest common divisor of r and t.
4
Let o = -351 + 506. Suppose o*m - 55 = 150*m. Calculate the greatest common divisor of 11 and m.
11
Suppose -4*x = -2*x - 70. Suppose 3*a = -4*p + 24 - 8, 2*p - 26 = 3*a. Calculate the highest common divisor of x and p.
7
Let d(o) = o**3 - 14*o**2 - 18*o - 11. Let q be d(15). Let h = -19 - q. What is the greatest common divisor of 259 and h?
37
Suppose -14*w + 2033 = -3679. What is the greatest common divisor of w and 12?
12
Suppose 0 = -19*s + 24*s + n - 30, 5 = -n. What is the greatest common factor of 1 and s?
1
Let j = 0 - 35. Let z = 59 + j. What is the greatest common factor of z and 36?
12
Let k be (-30)/8 + (-7)/28. Let u(g) = -2*g**2 - 9*g + 1. Let o be u(k). Calculate the highest common divisor of o and 40.
5
Let k be -3*4*300/45. Let o = k + 140. Calculate the greatest common divisor of o and 24.
12
Suppose v = -5*n + 94, 7*v - 3*n = 6*v + 102. Calculate the highest common factor of v and 627.
33
Let d(r) be the first derivative of -r**3 + 5*r**2/2 - 3*r - 4. Let n be d(3). Let z = n - -55. Calculate the highest common factor of z and 8.
8
Suppose -13*r - 2*n = -15*r + 626, 3*r - 951 = -3*n. What is the greatest common divisor of 63 and r?
63
Let l be (16/6)/(11/33). Let g = 15 - l. Calculate the highest common divisor of 77 and g.
7
Suppose -5*m + 182 = -4*p - 153, 4*m = 2*p + 262. Calculate the highest common factor of m and 63.
63
Let v be 8835/775 + -1 + (-3)/(-5). Suppose y + 0 = 99. What is the greatest common factor of y and v?
11
Suppose o + 364 = 8*o. Calculate the greatest common divisor of o and 884.
52
Suppose -178 = -5*d - 2*f, 3*d - 140 = -d - f. Suppose -7*t + 1 = -d. What is the greatest common factor of 2 and t?
1
Let p(l) = -34*l + 51. Let j(q) = 33*q - 53. Let k(a) = -5*j(a) - 6*p(a). Let n be k(5). What is the greatest common factor of 11 and n?
11
Suppose -4*t + j = -220, -5*j + 132 = 14*t - 12*t. What is the highest common divisor of 4 and t?
4
Suppose 13*z = 44*z - 372. What is the greatest common factor of 10 and z?
2
Let x be (-53 + 38)/((-3)/9). Calculate the greatest common divisor of 1845 and x.
45
Let d(s) = 4*s**2 + 71*s - 58. Let m be d(-19). Calculate the greatest common factor of m and 481.
37
Let k = 5 + -3. Suppose -k*h + 30 = -3*m, 4*h - 5*m = -m + 56. Let j be ((-125)/(-2))/(6/h). What is the highest common factor of j and 50?
25
Let s = 48 + -45. Suppose -12 = s*n, -n - 52 = -3*l - 3*n. What is the highest common factor of 5 and l?
5
Let l(n) = -2*n**3 - 2*n**2 + 3*n + 2. Let c be (-10)/(-35) - 16/7. Let v be l(c). Let p = 100 - 94. Calculate the highest common factor of p and v.
2
Let s be ((-8)/(-6))/((-2)/1797). Let b be s/(-3) + (-5)/15. Let u = -279 + b. What is the greatest common divisor of 15 and u?
15
Suppose 0 = -5*l + 9*l - 8. Suppose -l*o - 30 = o. Let y be (15/o)/((-6)/40). Calculate the highest common divisor of 5 and y.
5
Let h(l) = l**2 + 13*l + 70. Let p be h(-10). What is the greatest common factor of p and 50?
10
Suppose -103 = -3*v + a, 129 = 4*v - 4*a - 19. Calculate the highest common divisor of v and 21.
3
Suppose 4*j = 5*r + 193, 0*j + 5*r - 17 = -j. What is the greatest common factor of 336 and j?
42
Suppose 0*p + 3*p = 4*x + 2043, -p - 2*x = -691. Suppose 4*w = 183 + p. What is the highest common factor of w and 31?
31
Suppose 0 = -19*f + 15*f - 4. Let g = f + 7. Let a = 80 + -26. Calculate the greatest common divisor of g and a.
6
Suppose -w + 50 = -3*u, -5*w + 4*u + 381 - 153 = 0. Let o be (0 + 1/2)*8. Calculate the highest common factor of w and o.
4
Let a(h) = -1 - h**2 - 3*h - h**3 + 4*h + 0*h + 2*h**3. Let q be a(1). Let v = q + 10. What is the greatest common factor of 4 and v?
2
Let z(l) = -l**2 + 29*l - 24. Let o be z(24). Calculate the highest common divisor of 24 and o.
24
Suppose 0 = 4*y - 3*l - 185, -5*y + 2*l + 231 = -2*l. Calculate the greatest common factor of 94 and y.
47
Let h be (-7 + 11 - -56) + -4. What is the greatest common factor of h and 616?
56
Suppose -64*u = -66*u + 32. What is the highest common divisor of 328 and u?
8
Let s = -10 - -24. Let d be ((-48)/s)/(8/(-84)). Let q be (-2 + 9/6)*-36. Calculate the highest common factor of q and d.
18
Let q(k) be the second derivative of -k**3/6 + 5*k**2/2 - 4*k. Let d be q(-5). Calculate the greatest common divisor of d and 10.
10
Suppose -3*n + 59 + 28 = 3*x, 0 = n - 5*x - 53. What is the greatest common factor of 1727 and n?
11
Let c = 110 - 83. What is the greatest common factor of 108 and c?
27
Let p = -39 - -20. Let t(x) = x + 23. Let s be t(p). Suppose -s*z = z - 10, 3*z - 102 = -3*c. What is the highest common divisor of 48 and c?
16
Suppose 0 = -4*w - 0*g - 4*g + 8, 0 = 4*g + 16. Let b be 8 + 0 + w + -9. Calculate the greatest common factor of 5 and b.
5
Let x(c) = c**2 - 23*c - 52. Let t be x(25). Let f be 3/((-3)/(-26)) + t. What is the highest common divisor of f and 48?
24
Suppose -5*p = -4*a + 185, 124 = -5*a + p + 371. What is the greatest common factor of 130 and a?
10
Let d = -1083 + 774. Let y = 489 + d. Suppose 9 - 26 = -g - s, -26 = -g + 2*s. What is the greatest common factor of y and g?
20
Suppose 311 = 5*y + 3*r, 4*y = 31*r - 33*r + 250. What is the highest common divisor of y and 1?
1
Let f = -6742 + 11875. Calculate the highest common divisor of 177 and f.
177
Suppose -4*y - 92 = -2*j, 5*j - y - 128 = 111. What is the greatest common factor of j and 48?
48
Let y be (40 - 2)*2/4. Suppose -5 + 3 = -2*t, 22 = 4*m + 2*t. Suppose -4*i + 12 = -0*i, 5*i = -m*x + 300. What is the highest common factor of x and y?
19
Suppose 5*u - 6*u = 2*l - 116, 0 = -5*l + 10. Suppose -16 = 12*b - 13*b. What is the highest common factor of b and u?
16
Let q(o) = 116*o**2 + 9*o - 18. Let g be q(2). What is the highest common factor of 58 and g?
58
Suppose 184 = -4*n + 8*n. Suppose l = -l + 5*o + n, o = 4*l - 74. What is the highest common factor of l and 54?
18
Let a(o) = 8*o**2 - 5*o + 8. Let w be a(2). Let q = 65 - 50. What is the greatest common factor of q and w?
15
Suppose 5*o = 20*o - 7215. Calculate the greatest common divisor of 185 and o.
37
Let b(r) be the third derivative of r**5/60 - r**4/3 - 5*r**3/6 + r**2. Let f be b(7). Let h = f + 36. Calculate the greatest common divisor of 48 and h.
24
Let w(o) = -19*o + 61. Let j be w(-1). Calculate the highest common factor of j and 580.
20
Let y(t) = -t**2 + 8*t + 4. Let c be y(6). Let a = 40 - 23. Let u be (a - (2 - 4)) + -3. What is the highest common divisor of u and c?
16
Suppose -5*a + 9*a = 1216. Let z = 4 + 34. What is the highest common factor of a and z?
38
Let b be 4 + (-4 - 24/(-6)) + 5. Calculate the greatest common divisor of 8 and b.
1
Let k(u) = u**2 + u - 268. Let n be k(-17). What is the greatest common divisor of n and 164?
4
Suppose 27*d = 6*d + 105. What is the greatest common factor of 11 and d?
1
Let w(d) = 6*d - 61. Let o be w(13). What is the highest common divisor of 323 and o?
17
Let f be -20*(8/(-10) + -2). Let v be (-5)/2*f/(-70). What is the highest common factor of v and 10?
2
Let i = -2 - -8. Suppose 3*d + 5*o = -82, 2*o = -d + i*d + 85. Let q = d + 27. Calculate the highest common factor of 2 and q.
2
Suppose -4*r + 2*d + 98 = 0, -5 - 120 = -5*r + 5*d. Let j = -3 + 0. Let a be 38*-4*j/r. What is the greatest common factor of a and 38?
19
Let w(z) = z**2